 154492 is divided by 183?
40
What is the remainder when 12831 is divided by 402?
369
What is the remainder when 117395 is divided by 184?
3
What is the remainder when 31428 is divided by 2834?
254
Calculate the remainder when 23294 is divided by 51.
38
Calculate the remainder when 149470 is divided by 212.
10
Calculate the remainder when 495575 is divided by 798.
17
Calculate the remainder when 1694 is divided by 556.
26
Calculate the remainder when 5255 is divided by 259.
75
What is the remainder when 2035 is divided by 9?
1
Calculate the remainder when 97009 is divided by 443.
435
What is the remainder when 28743 is divided by 37?
31
What is the remainder when 15815 is divided by 208?
7
Calculate the remainder when 27929 is divided by 37.
31
Calculate the remainder when 243353 is divided by 41.
18
Calculate the remainder when 426 is divided by 103.
14
What is the remainder when 18054 is divided by 3607?
19
What is the remainder when 933 is divided by 315?
303
Calculate the remainder when 7640 is divided by 2262.
854
What is the remainder when 6057 is divided by 2925?
207
Calculate the remainder when 898 is divided by 201.
94
Calculate the remainder when 1613 is divided by 851.
762
Calculate the remainder when 1444901 is divided by 281.
280
What is the remainder when 19596 is divided by 2?
0
What is the remainder when 33610 is divided by 80?
10
Calculate the remainder when 3358 is divided by 378.
334
Calculate the remainder when 2978 is divided by 58.
20
Calculate the remainder when 2911 is divided by 173.
143
What is the remainder when 7396 is divided by 4?
0
What is the remainder when 1928 is divided by 618?
74
What is the remainder when 1162335 is divided by 6?
3
Calculate the remainder when 27128 is divided by 9015.
83
Calculate the remainder when 105884 is divided by 65.
64
Calculate the remainder when 40782 is divided by 648.
606
Calculate the remainder when 1540 is divided by 1078.
462
Calculate the remainder when 64340 is divided by 27.
26
Calculate the remainder when 205855 is divided by 56.
55
What is the remainder when 2600 is divided by 108?
8
Calculate the remainder when 1273 is divided by 256.
249
What is the remainder when 32040 is divided by 53?
28
What is the remainder when 2513 is divided by 440?
313
Calculate the remainder when 65360 is divided by 21756.
92
Calculate the remainder when 362 is divided by 25.
12
Calculate the remainder when 2250865 is divided by 419.
416
What is the remainder when 31808 is divided by 10596?
20
Calculate the remainder when 45951 is divided by 41.
31
What is the remainder when 1480 is divided by 517?
446
What is the remainder when 479695 is divided by 159896?
7
What is the remainder when 82783 is divided by 106?
103
Calculate the remainder when 46403 is divided by 4.
3
What is the remainder when 13784 is divided by 6888?
8
What is the remainder when 4183 is divided by 287?
165
What is the remainder when 35097 is divided by 486?
105
Calculate the remainder when 16548 is divided by 138.
126
What is the remainder when 45541 is divided by 57?
55
What is the remainder when 11612 is divided by 37?
31
Calculate the remainder when 218211 is divided by 54541.
47
Calculate the remainder when 1048862 is divided by 102.
98
Calculate the remainder when 110847 is divided by 64.
63
What is the remainder when 36053 is divided by 8986?
109
What is the remainder when 257583 is divided by 24?
15
What is the remainder when 72429 is divided by 144?
141
Calculate the remainder when 15234 is divided by 14767.
467
Calculate the remainder when 50991 is divided by 6373.
7
What is the remainder when 833 is divided by 168?
161
Calculate the remainder when 2191 is divided by 56.
7
What is the remainder when 68818 is divided by 124?
122
What is the remainder when 12836 is divided by 24?
20
Calculate the remainder when 78151 is divided by 48.
7
Calculate the remainder when 34217 is divided by 22.
7
Calculate the remainder when 42376 is divided by 1297.
872
What is the remainder when 3082853 is divided by 4?
1
What is the remainder when 467224 is divided by 394?
334
Calculate the remainder when 69158 is divided by 279.
245
What is the remainder when 105489 is divided by 15068?
13
Calculate the remainder when 349306 is divided by 16.
10
What is the remainder when 36005 is divided by 17998?
9
Calculate the remainder when 21332 is divided by 904.
540
Calculate the remainder when 9740 is divided by 87.
83
Calculate the remainder when 8625 is divided by 70.
15
Calculate the remainder when 6097 is divided by 1586.
1339
What is the remainder when 10964 is divided by 1550?
114
Calculate the remainder when 7307 is divided by 487.
2
Calculate the remainder when 1186 is divided by 385.
31
Calculate the remainder when 2843 is divided by 313.
26
Calculate the remainder when 14011 is divided by 2802.
1
Calculate the remainder when 195860 is divided by 1113.
1085
What is the remainder when 11035 is divided by 1549?
192
What is the remainder when 9774 is divided by 52?
50
Calculate the remainder when 2364 is divided by 173.
115
Calculate the remainder when 13309 is divided by 1474.
43
Calculate the remainder when 80289 is divided by 102.
15
Calculate the remainder when 44749 is divided by 376.
5
What is the remainder when 824 is divided by 106?
82
Calculate the remainder when 118308 is divided by 134.
120
What is the remainder when 10317 is divided by 120?
117
Calculate the remainder when 3002 is divided by 306.
248
Calculate the remainder when 18860 is divided by 6039.
743
What is the remainder when 27465 is divided by 25?
15
What is the remainder when 4135 is divided by 777?
250
What is the remainder when 19461 is divided by 1081?
3
Calculate the remainder when 19464 is divided by 4866.
0
What is the remainder when 2457 is divided by 344?
49
Calculate the remainder when 700186 is divided by 228.
226
What is the remainder when 13018 is divided by 684?
22
What is the remainder when 3617 is divided by 328?
9
Calculate the remainder when 424 is divided by 195.
34
Calculate the remainder when 36760 is divided by 22.
20
What is the remainder when 130889 is divided by 171?
74
Calculate the remainder when 217828 is divided by 34.
24
What is the remainder when 20136 is divided by 89?
22
Calculate the remainder when 3206 is divided by 87.
74
What is the remainder when 4852 is divided by 40?
12
What is the remainder when 794567 is divided by 158908?
27
Calculate the remainder when 5535 is divided by 5532.
3
Calculate the remainder when 709541 is divided by 968.
965
Calculate the remainder when 91294 is divided by 288.
286
What is the remainder when 7345 is divided by 7330?
15
Calculate the remainder when 1141 is divided by 84.
49
Calculate the remainder when 2106 is divided by 861.
384
What is the remainder when 35706 is divided by 22?
0
What is the remainder when 12871 is divided by 1650?
1321
Calculate the remainder when 19060 is divided by 93.
88
What is the remainder when 2392 is divided by 36?
16
What is the remainder when 10016 is divided by 287?
258
Calculate the remainder when 1881695 is divided by 96.
95
Calculate the remainder when 21426 is divided by 21419.
7
What is the remainder when 59425 is divided by 52?
41
Calculate the remainder when 1157 is divided by 29.
26
Calculate the remainder when 341 is divided by 60.
41
What is the remainder when 4800 is divided by 4797?
3
What is the remainder when 508821 is divided by 907?
901
Calculate the remainder when 14501 is divided by 117.
110
Calculate the remainder when 27741 is divided by 103.
34
Calculate the remainder when 7551 is divided by 730.
251
Calculate the remainder when 15300 is divided by 190.
100
What is the remainder when 6313 is divided by 359?
210
Calculate the remainder when 1415516 is divided by 720.
716
Calculate the remainder when 1137 is divided by 127.
121
Calculate the remainder when 12874 is divided by 98.
36
Calculate the remainder when 3463 is divided by 1126.
85
Calculate the remainder when 218621 is divided by 53.
49
Calculate the remainder when 50842 is divided by 820.
2
Calculate the remainder when 12258 is divided by 363.
279
What is the remainder when 134607 is divided by 29?
18
What is the remainder when 27784 is divided by 661?
22
What is the remainder whe